of 144 + (167 - 247 - 180)?
-116
Calculate 366 + -376 + (2 - (-2 - 0) - -11).
5
Calculate 12 + (0 - ((-12 - 4) + 11)).
17
What is (8 - -48) + (-16 - 9) - (14 + 4 + -5)?
18
What is the value of (9 - -1 - (-9 - -52) - 5) + -1 + 4?
-35
Evaluate -79 - (-20 + (28 - (-6 - -14)) + 21).
-100
68 + -36 - (3 - -2 - -6)
21
249 + -241 + (7 - 5 - (6 + -1) - 59)
-54
-12 - (-5 + 7 + 55) - (-23 + 28)
-74
What is -6 + (-4 - 5) + (4 - -6 - -2) + -30?
-33
-16 - (-1 + -10 - (5 + -2) - -15)
-17
What is the value of (58 - 65 - (-16 + 0) - 23 - -7) + 54?
47
What is 24 - (-85 + (10 - -58))?
41
Evaluate 63 - (52 + -4 + -25).
40
Evaluate 602 + -597 + (57 - (2 - -3)).
57
What is the value of (-1 - 4) + -5 + 23 + -222 + 244?
35
Evaluate -16 - -61 - (-167 + 145).
67
Evaluate (8 - (-5 + 5 + -2)) + 21 + -16.
15
Calculate -33 + 57 + 42 + 5.
71
Calculate 220 - (-147 - (137 + -394)).
110
Calculate (8 + -7 - -8) + (-16 - -6 - 91) + -3.
-95
-19 + -45 + 9 + 3 + (-2 - -14)
-40
What is the value of ((0 - -3) + -2 + 2 - 2) + -110 + 102?
-7
What is the value of 106 - (52 - (119 + -92))?
81
What is (108 + -15 - 124) + -4?
-35
Calculate (2 - 43) + 2 + -6 - (-153 - -170).
-62
-53 - (-47 + -56) - 51
-1
Calculate 6 - -58 - (-2 - (-35 - -31)).
62
What is the value of 5 + -16 + (25 + (32 - 28) - (2 + 5))?
11
Calculate 136 + -7 - (-53 - -86).
96
Evaluate 16 + -23 + 23 + (-5 + 10 - 114).
-93
(4 - 4 - (-3 + 4 + 3)) + -62 + 59
-7
What is (-67 - (-2 + -13)) + 15 - (-2 - -8) - 0?
-43
Calculate (-88 - (-100 - -1)) + 77.
88
Evaluate 4 - (71 + (48 - 167)).
52
-2 + 12 + -171 + 120 + (-12 - -1)
-52
What is the value of -2 + 1 + -11 + (49 - (-90 - -125))?
2
Calculate (4 - -7 - (1 - 14)) + -13 + -55.
-44
-8 + (4 - (-6 + 3 - 1 - (-60 - -55)))
-5
193 + -65 + -63 + -1
64
What is the value of 5 + 27 - (41 - (-23 - -46 - -14))?
28
What is the value of (-22 - -13 - 12) + 43 + 13?
35
Calculate 67 - (43 + -125 - -157).
-8
What is the value of 11 + (18 + -33 - (3 + 71))?
-78
What is -79 + 4 - (-3410 - -3372)?
-37
What is 507 + -399 - (53 + 12)?
43
-26 - (-3 + -6 - (3 - 17))
-31
(-4 - 21) + 56 + -51 + (13 - -1)
-6
Evaluate 52 + 20 + -46 - 33.
-7
(-2 - (19 + (-29 - 3))) + 1
12
What is 131 + (-35 - (-37 + -20)) + -40?
113
13 - ((-46 - -7) + 113)
-61
-17 - (102 + 0 + -1 + -7 + 6)
-117
What is the value of 0 + -1 + 6 + (-9217 - -9135)?
-77
Evaluate 9 - 1 - (752 + -761 - (-7 - -1) - -5).
6
What is the value of (-13 - (16 + 1) - 13) + (-4 - -1)?
-46
What is -14 + (-119 + 166 + (1 + -14 - -3) - -3)?
26
-47 + -1 - (23 - ((-40 - -14) + 52))
-45
Calculate 14 + 16 + 6 + -8 + -46.
-18
What is the value of (-98 - -26) + 63 + (1 - 77)?
-85
-23 + (28 - (6 + -22)) + -5
16
What is the value of 0 - (63 - 100) - 134?
-97
What is the value of 48 + -21 - -10 - -6?
43
-32 + 92 + 20 + -36
44
Evaluate (-1 - -7 - (78 - 58)) + (-144 - -264).
106
Evaluate (-286 - -68) + 170 + (-1 - (1 - -13)).
-63
-105 - -129 - (56 - 4)
-28
-43 - (-85 - -53 - 40)
29
Evaluate (3 + -2 - (27 - 25)) + -19 + 2.
-18
What is the value of -18 - (-196 - -151) - (0 - 36)?
63
Calculate 31 + (14 + -68 - -11).
-12
What is the value of (7 - -96) + 304 + -368?
39
What is -22 - (33 - 32 - -33)?
-56
What is the value of -65 + (23 - (-73 - -80))?
-49
What is the value of -52 - (19 + -76 + -23)?
28
What is (32 - -3) + -13 + -34?
-12
Evaluate -11 + -6 - 16 - (-23 + 11 + 12 + 10).
-43
Calculate (-112 - -12) + -1 + 6 - (2 + 27 + -41).
-83
38 + (-62 - -30) + -5
1
Calculate 7 + (1 + -6 + -6 + 1 - -10).
7
What is -15 + 16 + (-9 - -1) - 2 - -13 - 9?
-5
Calculate (-2 - 10) + 199 + -167 + -16 + 3.
7
What is the value of (-340 - -317) + 43 + -1 + 5?
24
Evaluate -32 - ((5 + (11 + -5 - -8) - 9) + -2).
-40
Evaluate 6 + 74 - -5 - (51 - 57).
91
Calculate -159 + (79 + -62 - -75).
-67
Evaluate 30 - (22 - 27) - (-1 + 0 - (93 + -86)).
43
Evaluate -1 + -50 - (-980 + 976).
-47
Evaluate (-1 - -17) + -31 + -17.
-32
Calculate -3 + 10 + -22 + (-21 - -28) + (-6 - 4).
-18
Evaluate -109 + -67 + 156 + 2.
-18
What is -43 + 42 - ((3 + 2 - 2) + 28) - 1?
-33
What is (3 - 48) + (-5 - (-42 + (26 - -16)))?
-50
What is (0 - (-6 - 0 - -73)) + (91 - 76)?
-52
Calculate (-80 - 1) + (15 - 9) - (34 + -25).
-84
Calculate (-17 - (9 - 5 - 5)) + 55.
39
Calculate (-13 + -20 + 68 - 16) + -7.
12
9 + (-13 - -12) - (1 - 7 - (6 - 1))
19
Evaluate -60 - -8 - -52 - 23.
-23
1 + (-4 - 11) - (13 + -18)
-9
3 + -11 - ((7 - 13 - 42) + -4 - 1)
45
Evaluate 8 + (-2 - 19) - (91 + (-10 - -23)).
-117
What is 8 + 27 + 9 + (-2 + -1 - 2) + 2?
41
Calculate -48 + 3 + -54 + 139.
40
Evaluate -39 + (2 + 1 + -13 - -15) + 6.
-28
Evaluate (-109 - -264 - 56) + (-2 - -5).
102
Calculate -84 - (45 + -34 - -40).
-135
4 + 6 + (-13 - -9) + -5 - (-64 - 9)
74
(-273 - -196) + (-29 - -65)
-41
Calculate (-116 - (23 - 117)) + -1 + 16 + -20.
-27
Evaluate 11 - 7 - (-15 - (-8 - 18) - 66).
59
Calculate -2 + (5 + 0 + -13 - (-11 + -2)).
3
Calculate 9 - (-15 - -29 - (-2 + -60 + 5)).
-62
What is the value of 1 + 9 + (133 - 129) - 25 - 4?
-15
Evaluate -4 - (10 + -15 + (3 - 1) + 5 + 25).
-31
What is the value of 82 + 0 + -32 + -140 + 136?
46
(-15 - 38) + 16 - -54
17
Evaluate 119 - (8 - (21 - ((-36 - -22) + 35))).
111
-1 - (-4 - 1) - 15 - (-53 + 30 - 67)
79
Calculate (-29 + -6 - 5) + 23.
-17
What is (1 + 41 + -117 + 91 - -57) + 14?
87
-27 - (-54 - (-11 + 39 - 12))
43
Evaluate 4 - (61 + (39 - 27) + 2 + 3).
-74
(3 - -1) + 3 + (23 - (-13 + 26))
17
Calculate (0 - (24 + 27)) + 50.
-1
What is 14 - (-2 - 5 - (179 - 173) - 41)?
68
What is the value of (-38 - 2) + (2006 - 1979)?
-13
Evaluate (1 + 0 - -2) + (72 - 23 - 68).
-16
What is the value of -158 - -219 - (-10 - (5 + -9))?
67
Evaluate -55 - (162 - 180 - (3 + 3)).
-31
Evaluate (-9 - 8) + 26 + 4 + 1 + 28.
42
Calculate -4 + (-15 - -96) + -68 + (126 - 1).
134
What is 56 + (2 + 46 - 62)?
42
8 - (-23 + (4 + 5 - 13) + -7)
42
What is the value of -26 - (80 - 83 - -1)?
-24
What is the value of -27 + (23 - -5) + (-10 - -19 - 37)?
-27
75 - (8 + (-4 - -1) - (10 - 20))
60
What is -27 - (-30 + (-13 - 14)) - 13?
17
(-42 + 52 - 29) + -2 + 87
66
Calculate 10 + -30 + ((-9 - -5) + 9 - 0 - 13).
-28
(-59 - -53) + (0 - 0) + -5 + 42
31
What is the value of (-21 - (-19 + 34)) + 9 + (-12 - -3)?
-36
What is -9 - ((24 - 17 - (6 - 4)) + -57)?
43
What is the value of 34 - 33 - 45 - -10?
-34
Evaluate (-61 - -46) + 11 + 59 + -3.
52
What is the value of (-16 - (-1 + 0 - -1)) + 76 + -73?
-13
0 + (8 - -5 - 5) + 2 - (-17 + -2)
29
Evaluate (-39 - (-12 - -8)) + 10.
-25
46 + (-59 - -106) - (5 + -3 + 15)
76
What is the value of 11 + (34 - ((14 - 17) + (6 - (-1 - -10))))?
51
Evaluate 62 + 19 + -69 - (2 + 1 - (6 - -50)).
65
What is (1 - 1 - (-43 + 52)) + 69 + 6 - -7?
73
Calculate 96 + -3 + -102 - (-84 + -2).
77
Calculate 4 + -13 - (-1 - -2) - -13 - 39.
-36
4 + -15 + 16 + 13 + -46 + 0 + 1
-27
-54 - ((-1 - 8) + -28 + 34 + -10 + 16)
-57
Evaluate -56 + 12 - -22 - 5.
-27
What is 56 - 210 - (-11 + 35 + -57)?
-121
Calculate (17 - -2) + 1 - (-5783 + 5852).
-49
What is the value of (2 - (-15 + 17 + -22 - -10)) + -27?
-15
What is 10 + (-89 - (2 - (-16 - -16) - 18))?
-63
(3 - (0 - -9)) + -82 + 116
28
What is -44 - (1 + -2 - -1) - (-96 - -98)?
-46
-58 - (57 - 41) - -41
-33
Evaluate 243 - 398 - -80 - (-3 + 0).
-72
Calculate 0 + ((0 + 5 - 6) + (140 - 139) - -30).
30
Evaluate 6 - 8 - (15 - -22 - 16 - 40).
17
Evaluate (3 - -27) + (1 - 2 - -2) - (-8119 - -8109).
41
What is (21 + -33 - (-21 - -22)) + 134?
121
What is 12 - 1 - ((12 - 10) + -36 - -31) - -76?
90
What is (0 - (4 - 3)) + -15 + -23?
-39
What is (50 - -44 - 121) + -19?
-46
Calculate (-308 - -332) + -22 + 3.
5
-7 - (1 + 1 + 6 - (-54 - -101))
32
(60 - 101) + 12 + (6 - -3)
-20
Calculate (43 - -46) + (5 - 26) + -2.
66
Evaluate -93 - (-163 + -62 + 180).
-48
Evaluate -7 + 10 + 28 + -64 + 28.
-5
Evaluate -3 - 42 - (201 + -196).
-50
What is the value of 95 + 18 - ((-2 - ((-2 - 6) + 5)) + -1)?
113
(-190 - -114 - -72) + (-1 - 8) + 0
-13
What is the value of 6 - (41 + -3 + (10 - -1) + -8)?
-35
Calculate 68 - (28 + 20) - 9.
11
Calculate -8 + 8 - 8 - (-21 + -7 + 8 + -11).
23
What is (-58 - (-24 - -21 - -12)) + 16 + 17?
-34
Calculate (-16 - (5 - 10) - (16 - -60)) + (2 - -13).
-72
What is -2 - ((-3 - (6 - -1)) + -3) - -57?
68
-1 + 10 + (-80 - (-96 + -46))
71
What is the value of -13 - ((32 - 14) + (1 - -4))?
-36
Calculate (-4 + 13 - 0) + 